 the greatest common divisor of 1580 and 11185610.
790
What is the highest common divisor of 12 and 349356?
12
Calculate the greatest common factor of 22568 and 263438.
434
Calculate the greatest common divisor of 490 and 101570.
70
What is the greatest common divisor of 24870 and 80?
10
What is the highest common divisor of 4131 and 3264?
51
Calculate the greatest common divisor of 1077 and 2263136.
359
Calculate the greatest common factor of 944 and 34156.
4
What is the highest common factor of 66 and 803?
11
Calculate the greatest common factor of 50 and 65950.
50
What is the highest common factor of 2080 and 288?
32
Calculate the greatest common divisor of 24470 and 30.
10
What is the greatest common divisor of 1611 and 26181?
9
Calculate the greatest common divisor of 7544202 and 498.
498
What is the highest common factor of 39 and 179075?
13
Calculate the greatest common factor of 87137 and 1027.
79
What is the greatest common divisor of 704 and 151888?
176
What is the greatest common divisor of 507 and 143481?
507
Calculate the greatest common factor of 27072 and 44556.
564
What is the highest common divisor of 139220 and 140?
20
What is the highest common divisor of 404 and 102111?
101
Calculate the highest common factor of 77175 and 4095.
315
What is the greatest common divisor of 14542 and 869?
11
Calculate the greatest common factor of 82345 and 215.
215
What is the greatest common factor of 196749 and 16443?
567
What is the highest common factor of 714 and 29342?
34
What is the greatest common divisor of 2535 and 58981?
169
What is the highest common divisor of 96416 and 138?
46
Calculate the greatest common divisor of 43872 and 1696.
32
Calculate the highest common divisor of 5162 and 3026.
178
What is the highest common factor of 520 and 52390?
130
What is the highest common divisor of 6996 and 374?
22
Calculate the highest common divisor of 434376 and 2016.
72
Calculate the highest common factor of 876 and 18188.
4
Calculate the greatest common divisor of 2726 and 799.
47
Calculate the highest common divisor of 126 and 70.
14
Calculate the highest common divisor of 41040 and 7065.
45
Calculate the greatest common factor of 454398 and 7161.
651
What is the highest common divisor of 33564 and 468?
12
Calculate the greatest common factor of 21425 and 15.
5
Calculate the greatest common factor of 7008 and 2409.
219
What is the highest common factor of 33432 and 231?
21
Calculate the greatest common factor of 975094 and 848.
106
Calculate the highest common divisor of 18887 and 11407.
187
What is the highest common factor of 158 and 227994?
158
Calculate the highest common factor of 870155 and 220.
55
What is the greatest common divisor of 222 and 1921854?
222
What is the highest common divisor of 72 and 50472?
72
Calculate the highest common divisor of 84 and 4074.
42
Calculate the greatest common factor of 9126 and 378.
54
What is the greatest common factor of 23 and 787?
1
What is the highest common factor of 14336 and 56?
56
What is the greatest common divisor of 3736 and 70517?
467
What is the greatest common factor of 14 and 2436938?
14
What is the highest common divisor of 207633 and 9?
3
What is the greatest common factor of 27342 and 18522?
882
Calculate the greatest common divisor of 36 and 32988.
12
What is the highest common divisor of 1986 and 141?
3
Calculate the greatest common divisor of 4969110 and 8760.
2190
What is the highest common factor of 1403 and 3477?
61
Calculate the greatest common factor of 21452 and 1178.
62
What is the greatest common divisor of 4832 and 608?
32
Calculate the highest common factor of 533 and 130052.
533
What is the greatest common factor of 15 and 77305?
5
What is the highest common factor of 830 and 10873?
83
Calculate the greatest common factor of 314 and 636007.
157
What is the highest common divisor of 8140 and 65?
5
Calculate the greatest common divisor of 3570 and 294.
42
What is the greatest common factor of 20 and 31385?
5
What is the greatest common factor of 1526 and 56?
14
What is the highest common divisor of 300519 and 9?
9
What is the highest common factor of 42041 and 51?
17
Calculate the greatest common factor of 76 and 1735498.
38
What is the greatest common divisor of 116046 and 252?
126
Calculate the highest common divisor of 555 and 62345.
185
Calculate the highest common factor of 374478 and 78.
78
What is the greatest common divisor of 50 and 212?
2
Calculate the greatest common factor of 24 and 19062.
6
What is the greatest common divisor of 912 and 10279?
19
What is the greatest common factor of 84 and 82089?
21
What is the highest common divisor of 2346 and 1311?
69
Calculate the greatest common factor of 9487 and 20087.
53
Calculate the greatest common factor of 1838 and 1350011.
919
Calculate the highest common divisor of 1144 and 3808376.
1144
Calculate the highest common divisor of 1644 and 2000.
4
What is the highest common factor of 13802 and 21012?
206
What is the highest common divisor of 5954 and 61152?
26
Calculate the greatest common factor of 28 and 673498.
14
Calculate the highest common divisor of 18746 and 84.
14
Calculate the greatest common factor of 4961 and 1034.
11
Calculate the greatest common divisor of 125448 and 24.
24
Calculate the greatest common divisor of 49 and 8561.
7
Calculate the highest common factor of 69 and 818616.
69
Calculate the greatest common divisor of 104 and 598.
26
Calculate the greatest common divisor of 262043 and 93.
31
What is the highest common factor of 546471 and 72?
9
What is the highest common divisor of 403515 and 180?
45
Calculate the highest common divisor of 311391 and 9.
9
What is the greatest common divisor of 230 and 100970?
230
Calculate the greatest common divisor of 114 and 750.
6
Calculate the highest common divisor of 13132 and 20972.
196
Calculate the greatest common divisor of 8800 and 132.
44
What is the greatest common factor of 80 and 1480240?
80
What is the greatest common factor of 44 and 5276?
4
What is the highest common factor of 57821 and 469?
67
Calculate the greatest common divisor of 23397 and 121.
11
What is the highest common divisor of 775406 and 1130?
226
Calculate the highest common divisor of 44 and 5741098.
22
Calculate the highest common factor of 74789 and 1716.
143
What is the highest common factor of 1456 and 1624?
56
Calculate the greatest common divisor of 42 and 26383.
7
What is the greatest common divisor of 1862 and 67718?
98
What is the greatest common factor of 271 and 2168?
271
What is the greatest common divisor of 117538 and 51?
17
Calculate the greatest common divisor of 25600 and 450.
50
Calculate the highest common divisor of 29 and 5126069.
29
Calculate the greatest common factor of 94 and 806.
2
What is the greatest common factor of 274 and 193307?
137
Calculate the highest common divisor of 36 and 58482.
18
What is the greatest common factor of 68547 and 876?
219
What is the highest common divisor of 763868 and 476?
28
What is the greatest common factor of 1401224 and 264?
88
Calculate the highest common factor of 10488 and 173880.
552
What is the greatest common divisor of 14042 and 5117?
119
Calculate the highest common factor of 49632 and 6.
6
What is the highest common factor of 1155 and 3080?
385
Calculate the greatest common factor of 4750 and 76.
38
What is the greatest common divisor of 162 and 1057698?
162
What is the highest common divisor of 1720 and 1527360?
1720
Calculate the greatest common factor of 70810 and 34435.
485
Calculate the highest common factor of 2869205 and 31.
31
Calculate the greatest common divisor of 527 and 14322.
31
What is the highest common factor of 34208 and 80?
16
Calculate the greatest common factor of 170 and 10081.
17
What is the highest common divisor of 7 and 40089?
7
What is the greatest common factor of 216 and 5952?
24
Calculate the greatest common divisor of 17582 and 354.
118
Calculate the greatest common factor of 15323 and 5544.
77
What is the greatest common divisor of 262 and 4618536?
262
What is the highest common divisor of 7105 and 21605?
145
What is the greatest common divisor of 68776 and 400?
8
Calculate the highest common divisor of 22 and 438262.
22
What is the greatest common factor of 27 an